. Let x(o) = o**2 - 7*o - 10. Let j be x(8). What is a(j)?
-4
Let y(u) = -3*u**2 - 2*u - 1. Suppose 11*t + 5 = 6*t. Determine y(t).
-2
Let h(w) = 2*w + 2. Let n be h(-2). Let z(b) = 3*b**2 + 3*b + 3. What is z(n)?
9
Let l(t) = -3*t**3 - 8*t**2 + 5. Let z(q) = -5*q**3 - 15*q**2 + q + 9. Let b(d) = 7*l(d) - 4*z(d). Let k = -3 - -6. What is b(k)?
-4
Let d(w) be the second derivative of w**4/24 + w**3/2 - 3*w**2/2 - 2*w. Let i(a) be the first derivative of d(a). Determine i(3).
6
Let f(t) = -6 + 1 + t**2 + 6*t - 6 + 1. What is f(-8)?
6
Suppose -5*i - 2*r = -11 - 2, 0 = 5*i - 3*r + 7. Let h = 8 - i. Let a(n) = -n + 8. Determine a(h).
1
Suppose 5*c = 3 - 23, -2*c - 5 = -y. Let u(w) = 3*w + 4. Let n be u(y). Let x(d) = -d**3 - 6*d**2 - 5*d - 6. Determine x(n).
-6
Let z(m) = 4*m**2 + 2*m - 1. Suppose 3*p + 5 = 8*p. What is z(p)?
5
Let l(f) = -8*f - 1. Suppose 2*b = -4*n - 12, 18 = -2*n + 2*b - 0*b. Let t = n + 4. What is l(t)?
7
Let i(f) = f + 4. Let k = 0 + 0. Suppose -3*t + t + 2 = k. Let s be t/1*(-1 + 1). What is i(s)?
4
Let j(i) = -2*i - 7*i**2 + 3*i**3 - i - 2*i**3 - 3 + 8*i**2. What is j(-2)?
-1
Let v be (-4)/(-6) + (-4)/6. Let k(q) = -2 + q**3 + v + 3*q**2 + 0. Suppose -13*j - 4 = 22. Give k(j).
2
Let g(c) = -c**2 + 4*c + 3. Let f(t) = 5*t**2 - 17*t - 12. Let d(v) = -2*f(v) - 9*g(v). Give d(-2).
-3
Let y(f) = -7*f**2 - 2*f - 1. Suppose 3*t = 2*t. Let d be 5 + 1/((-3)/9). Suppose j + j + d = t. Determine y(j).
-6
Suppose v = -3*v + 16. Let w(x) = 3*x - 5. Calculate w(v).
7
Let o(q) = 1 - 2*q**2 + 1 - q - 1 + 3*q**3. Let k be ((-5)/5)/((-1)/2). Give o(k).
15
Let u(f) = 3*f**3 + f**2 - f + 1. Suppose -4 = -2*g - 8. Calculate u(g).
-17
Let x(o) = o**3 + 10*o**2 + 9*o. Let i be x(-9). Let n(u) = u**2 + 2 - 4*u**3 + i*u**2 + 3*u**3. What is n(2)?
-2
Let c(s) = -s**2 + 9*s - 7. Let o be 3/(-2)*140/(-30). Let k be c(o). Let v be k*(1 + (-3)/7). Let j(t) = 2*t - 3. Calculate j(v).
5
Let a(c) = 7*c**3 + 12*c**2 - 9. Let o(m) = 15*m**3 + 25*m**2 - m - 19. Let s(i) = -13*a(i) + 6*o(i). Determine s(-5).
8
Suppose -52 = -19*p + 6*p. Let a(c) be the third derivative of 1/6*c**4 + c**2 + 1/3*c**3 + 0 - 1/60*c**5 + 0*c. Give a(p).
2
Let i(f) = -f**2 + f - 2. Let v(x) = x + 2. Let b(n) = 3*n + 5. Let y(k) = -2*b(k) + 7*v(k). Let r be y(-6). Give i(r).
-8
Let q(u) = u**2 - 2*u + 3. Suppose o - 4*b + 22 = 6, 0 = 5*o - 4*b. Suppose 6 + 10 = o*i. What is q(i)?
11
Let s(y) = -y**2 + 2. Let f be (-4 + 3)*4 - -2. Give s(f).
-2
Let w(b) = 3 - b + 3*b + 0*b. Let g(k) = -k. Let o(h) = 3*g(h) + w(h). Give o(2).
1
Let b be 4/(5 + (-6)/2). Let x(a) = -3*a - 2*a + 9*a + b*a. Give x(1).
6
Let g(p) be the first derivative of p**5/20 + p**4/4 - p**3/3 - 2*p**2 - 3*p - 2. Let x(k) be the first derivative of g(k). Calculate x(-3).
2
Let t(j) = j**3 - 6*j**2 - 8*j - 3. Let h be t(7). Let i(a) = -a**3 - 11*a**2 - 8*a + 9. Give i(h).
-11
Let v(t) = 5*t + 2. Let n(j) = -11*j - 3. Let u(m) = -4*n(m) - 9*v(m). Let p be (5/(-3))/((-1)/(-3)). Give u(p).
-1
Let d(i) = 3*i. Let o(l) = l + 1. Let k(s) = -d(s) + 2*o(s). Determine k(7).
-5
Let u(s) = 10 - 7*s - 4 - 6. Determine u(2).
-14
Suppose -4*q + 16 - 4 = 0. Let b(h) = h + 4. What is b(q)?
7
Suppose -2*z + 3 = z. Let x(o) be the second derivative of 11*o**3/6 - o + 24. Give x(z).
11
Let h = -143 + 138. Let r(l) = 3*l - 3. Let t(i) = -2*i + 1. Let d(k) = 3*r(k) + 5*t(k). What is d(h)?
1
Suppose 33*j - 36*j = 21. Let q(g) = g**3 + 6*g**2 - 4*g + 8. Calculate q(j).
-13
Let f(n) be the first derivative of -n**4/4 - 2*n**3/3 + 3*n**2/2 + 2*n + 14. What is f(-3)?
2
Suppose -20 = -3*y + 4*w - 7, y + 3*w = 0. Let l(h) = 2*h**y - 4*h + 3*h**2 + 0*h**3 - h**3 + 0*h**3. Let q be l(-4). Let j(i) = i + 2. Give j(q).
2
Let v(j) = 6*j + j**2 - j - 4*j - 5. What is v(-4)?
7
Suppose 2*u = -u. Suppose u = -3*g + 6. Let o(h) = -2*h**2 + 2*h - 2. What is o(g)?
-6
Let c be (-4)/5*20/(-4). Suppose 0 = 2*x - c - 4. Let w(r) = x - 3 - r - 3. What is w(2)?
-4
Let r(a) = -a + 5. Let t(f) = f**2 + 3*f. Let l be t(-3). Determine r(l).
5
Let i(y) = -y**2 + y - 1. Let t(o) = -2*o + 1. Let b(z) = 2*i(z) + t(z). Suppose -2*f - 8 = -4*p + 12, 0 = -2*f - 3*p + 8. Let g = f + 0. Determine b(g).
-9
Let p(s) = -s**2 + s + 5. Suppose -4*i - 5 = -21. Determine p(i).
-7
Let f(w) be the second derivative of -w**6/360 + w**5/120 + w**4/3 + 9*w. Let k(i) be the third derivative of f(i). Determine k(-1).
3
Suppose 3*o - 4 = -z - 3, -2*o = -2. Let g be 1/(-6) + (-146)/(-12). Let n be (-9)/z*g/18. Let r(b) = b**2 - 4*b + 3. What is r(n)?
0
Suppose -4*g - 10 = -9*g. Let w(m) = 13*m - 6*m - 4 - m**g + 0. Determine w(5).
6
Let h(g) = g + 1. Let c be h(3). Suppose 0 = c*i + 5 - 13. Let m(b) be the second derivative of b**4/4 - b**3/2 + b. Determine m(i).
6
Let r(f) = -2 - f**2 - 3*f**3 + 5*f**2 + 4*f**3. Suppose -2*o = -5*o + 72. Let z be (8/o)/((-1)/9). Determine r(z).
7
Let s = 2 + 0. Let b(d) be the third derivative of -1/120*d**6 - 8*d**2 + 0*d**5 + 1/3*d**3 - 1/24*d**4 + 0 + 0*d. Determine b(s).
-8
Let d(b) = b**3 + 4*b**2 - 2*b + 1. Let n(v) = 0*v + v**2 + 4*v - 3*v - 4 + 4*v. Let y be n(-5). Give d(y).
9
Let a(h) = h**2 + 7*h + 6. Let w = 24 + -28. Give a(w).
-6
Let s(i) be the first derivative of -5 - 1/2*i**2 + 6*i. Calculate s(5).
1
Let g(v) = 5*v**3 - 7*v**2 + 3*v + 1. Let s(q) = 4*q**3 - 6*q**2 + 3*q + 1. Let y(w) = -5*g(w) + 6*s(w). What is y(-2)?
-1
Suppose -5*z + 3*k + 11 = 0, 3*z - 5*k - 12 = 1. Let i(h) = -4*h. Calculate i(z).
-4
Let z(s) = -s**3 + 5*s**2 + 2*s - 6. Let v(w) = -4*w + 1. Let d be v(2). Let l = d + 3. Let o be (l/(-6))/(10/75). What is z(o)?
4
Let t be -3*1*(-3 + 4). Let v(h) = -h**3 - h**2 + 2*h - 4. Calculate v(t).
8
Let w(o) = -3*o - 4. Let b(r) = -13*r - 17. Let d be 3*((-7)/3 + 3). Let p(g) = d*b(g) - 9*w(g). What is p(5)?
7
Let l = -133 + 126. Let o(j) = -1. Let b(q) = -q**2 - 9*q - 7. Let n(z) = b(z) + 3*o(z). What is n(l)?
4
Let v be (3 + 2 - 1) + 2. Let k be 4/v*(5 + -2). Let h(l) = l - 4. What is h(k)?
-2
Let z(d) = d - 1. Let n(t) = -t**2 - 7*t + 4. Let y be n(-8). Let m(v) = v**2 - 2*v. Let c(g) = y*z(g) + m(g). Let b be c(4). Let o(w) = 2*w. What is o(b)?
-8
Suppose -5*l + r - 25 = 0, 0*r - 25 = 5*l - 2*r. Let x(u) be the first derivative of -u**2/2 - 9*u + 11. Give x(l).
-4
Let l(d) = 5*d**2 + 2*d**3 + 0*d**3 + 3 - 5*d**3 + 2*d**3 - 5*d. Calculate l(4).
-1
Let t = 23 + -23. Let k(q) = 5 + t*q**2 - 5*q - q**2 - q. Determine k(-6).
5
Let b(x) = -21*x**3 - 8*x**2 - 18 - 9*x + 22*x**3 + 6. Determine b(9).
-12
Let k be 57/(-15) - 4/20. Let w(h) be the first derivative of h**4/12 + 5*h**3/6 + 3*h**2/2 + 2*h + 2. Let s(p) be the first derivative of w(p). Give s(k).
-1
Let n be 1*2/8 - 24/96. Let m(p) = p + 8. Calculate m(n).
8
Let c(h) = -2 + h + 2*h + 2*h - 3*h. Let u(k) = 4*k - 3. Let z(x) = -5*c(x) + 3*u(x). Give z(4).
9
Suppose -i + 10*h - 10 = 5*h, -i + 2*h - 4 = 0. Suppose 0*k - 5*k = i. Let z(b) be the first derivative of b**4/4 + b**3/3 + b**2/2 + 3*b + 1. Calculate z(k).
3
Suppose -22 = 5*o + v, 2*o + 3*v - 2 = 4*o. Let g be -3*(0 - o/(-3)). Let m(y) be the third derivative of y**5/60 - y**4/8 + 2*y**2. Determine m(g).
4
Let t(q) = q**2 - 4 + 12 - 2 + 7*q. Determine t(-4).
-6
Let i(b) = -b**3 - 4*b**2 - 2*b + 1. Let v(l) = 2*l - l + 0*l + 5. Let u be v(-7). Let t be i(u). Let p(m) = m**3 + m**2 - 4*m. Give p(t).
-6
Let u(m) = -4*m + 6. Let q be -2*(-1)/(1 + (-6)/9). Give u(q).
-18
Suppose -5*a = -3*u + u + 4, 4*a + 20 = -4*u. Let n be (1 + a + 2)*-1. Let c(y) = 5*y**2 - y - 1 + y. Give c(n).
4
Let c(n) = n**2 - 2*n + 13. Let u(z) = -z**2 + 3*z - 14. Let a(t) = -3*c(t) - 2*u(t). Calculate a(0).
-11
Let i = 158 - 153. Let b(z) = z**2 - z - 7. Let w(s) = s**2 - 7. Let h(l) = -3*b(l) + 2*w(l). Give h(i).
-3
Let y(g) = g**3 + 4*g**2 - 2. Let m = -30 - -27. Calculate y(m).
7
Let l(u) be the third derivative of 5*u**4/24 - u**3/3 - 7*u**2. Let j be (-21)/(-12) + (-1)/(-4). Give l(j).
8
Let d(y) = y**3 + 1. Suppose -5*q + 2 = -4*q. Let n = -2 + q. Determine d(n).
1
Let m be 3/9*3*1. Let n be 9/m*(-2)/(-6). Let g(t) = 0*t + n*t + 7 - 2*t. What is g(-6)?
1
Let x = -1 + -9. Let a(v) = -v**2 - 9*v + 5. Let c be a(x). Let w(l) = l**3 + 5*l**2 - 3*l - 2. Give w(c).
13
Suppose 10 + 4 = -2*m. Let p be m + 5 + 6/(-3). Let v(t) = t**2 + 3*t + 6. What 